
List the prime factors of 50538873.
3, 7, 11, 218783
What are the prime factors of 767453680?
2, 5, 7, 29, 43, 157
What are the prime factors of 3436153033?
17, 47, 137, 31391
What are the prime factors of 5734485?
3, 5, 19, 353
What are the prime factors of 2293433385?
3, 5, 23, 47, 141439
List the prime factors of 116960613.
3, 7, 11, 31, 16333
What are the prime factors of 115614958?
2, 127, 455177
List the prime factors of 7945446.
2, 3, 109, 12149
List the prime factors of 4308392813.
37, 59, 1163, 1697
List the prime factors of 240535096.
2, 47, 109, 5869
List the prime factors of 150872837.
251, 743, 809
List the prime factors of 638908774.
2, 7, 139, 397, 827
What are the prime factors of 1067888855?
5, 11, 19416161
List the prime factors of 68194239.
3, 4073, 5581
What are the prime factors of 232539018?
2, 3, 73, 530911
List the prime factors of 125518892.
2, 43, 729761
List the prime factors of 4870255227.
3, 1623418409
List the prime factors of 745859106.
2, 3, 41436617
What are the prime factors of 956835843?
3, 318945281
What are the prime factors of 3183546784?
2, 11, 822197
What are the prime factors of 386920813?
29, 41, 7937
List the prime factors of 15066841.
15066841
What are the prime factors of 184551414?
2, 3, 41, 750209
What are the prime factors of 210685218?
2, 3, 877, 40039
What are the prime factors of 2525745079?
11, 13, 47, 375799
What are the prime factors of 649924163?
7, 109, 851801
What are the prime factors of 54836468?
2, 13709117
List the prime factors of 133308970.
2, 5, 13330897
List the prime factors of 34272912.
2, 3, 67, 10657
What are the prime factors of 77073820?
2, 5, 179, 21529
List the prime factors of 116911985.
5, 67, 348991
List the prime factors of 545695756.
2, 47, 2902637
What are the prime factors of 33129531?
3, 3681059
What are the prime factors of 49840687?
13, 3833899
List the prime factors of 1639026944.
2, 19, 317, 1063
What are the prime factors of 341601300?
2, 3, 5, 181, 233
What are the prime factors of 135589106?
2, 67, 149, 6791
List the prime factors of 4057002607.
7, 19, 53, 251, 2293
List the prime factors of 70849606.
2, 35424803
List the prime factors of 106231890.
2, 3, 5, 3541063
What are the prime factors of 148173575?
5, 11, 61, 73
What are the prime factors of 1924601459?
11, 41, 4267409
List the prime factors of 222168982.
2, 7, 139, 114167
What are the prime factors of 320617767?
3, 106872589
What are the prime factors of 532365751?
23, 151, 153287
List the prime factors of 59580936.
2, 3, 647, 1279
What are the prime factors of 5359864906?
2, 11, 243630223
What are the prime factors of 99779213?
101, 987913
What are the prime factors of 511879940?
2, 5, 11, 13, 89, 2011
List the prime factors of 535678517.
11, 17, 29, 98779
What are the prime factors of 395771687?
395771687
List the prime factors of 242314000.
2, 5, 121157
What are the prime factors of 348041386?
2, 7, 11, 2260009
List the prime factors of 232514064.
2, 3, 79, 757
List the prime factors of 113452675.
5, 7, 23, 71, 397
List the prime factors of 5712556394.
2, 28351, 100747
What are the prime factors of 258953512?
2, 113, 286453
List the prime factors of 1022988976.
2, 63936811
List the prime factors of 22008618.
2, 3, 407567
What are the prime factors of 167122286?
2, 83561143
What are the prime factors of 5688019442?
2, 7, 409, 993367
What are the prime factors of 1216602190?
2, 5, 5581, 21799
What are the prime factors of 1380577057?
193, 251, 28499
List the prime factors of 38570231.
7, 31, 177743
What are the prime factors of 490309041?
3, 19, 2909, 2957
List the prime factors of 100510489.
1201, 83689
List the prime factors of 157323773.
157323773
What are the prime factors of 100645188?
2, 3, 7, 1198157
List the prime factors of 5331653787.
3, 37, 103, 466339
What are the prime factors of 17691427?
13, 104683
List the prime factors of 3930404630.
2, 5, 8377, 46919
List the prime factors of 3490849131.
3, 7, 11, 2158843
What are the prime factors of 3537892692?
2, 3, 5231, 18787
List the prime factors of 159046266.
2, 3, 29, 233, 3923
What are the prime factors of 2038936981?
19157, 106433
What are the prime factors of 34551478?
2, 13, 311, 4273
What are the prime factors of 91689938?
2, 29, 1580861
What are the prime factors of 517414978?
2, 107, 2417827
What are the prime factors of 516727261?
516727261
What are the prime factors of 135234120?
2, 3, 5, 7, 109, 211
What are the prime factors of 34463329?
41, 71, 11839
What are the prime factors of 112768709?
112768709
What are the prime factors of 678828380?
2, 5, 569, 59651
List the prime factors of 1706684284.
2, 197, 2165843
What are the prime factors of 86492417?
11, 1201, 6547
List the prime factors of 3578774928.
2, 3, 29, 509, 5051
What are the prime factors of 1118015312?
2, 83, 841879
What are the prime factors of 21950275?
5, 878011
What are the prime factors of 3265579605?
3, 5, 151, 1441757
List the prime factors of 3029269204.
2, 13, 58255177
List the prime factors of 569700880.
2, 5, 7, 1017323
What are the prime factors of 535119748?
2, 23, 2377, 2447
List the prime factors of 5049170.
2, 5, 7, 17, 4243
What are the prime factors of 2186843208?
2, 3, 11, 89, 163, 571
What are the prime factors of 79080079?
13, 6083083
List the prime factors of 54150048.
2, 3, 188021
What are the prime factors of 2677613748?
2, 3, 223134479
What are the prime factors of 596880776?
2, 1453, 51349
List the prime factors of 902972789.
47, 19212187
What are the prime factors of 4722269672?
2, 590283709
List the prime factors of 1275122.
2, 43, 14827
What are the prime factors of 2599221000?
2, 3, 5, 43, 20149
List the prime factors of 663413763.
3, 17, 13008113
What are the prime factors of 875225050?
2, 5, 7, 709, 3527
List the prime factors of 110619520.
2, 5, 11, 19, 827
List the prime factors of 92638231.
7, 89, 241, 617
List the prime factors of 35769499.
29, 1233431
What are the prime factors of 85691442?
2, 3, 14281907
List the prime factors of 1200658411.
13879, 86509
What are the prime factors of 743582544?
2, 3, 103, 150401
List the prime factors of 192292381.
227, 847103
What are the prime factors of 8479658382?
2, 3, 13, 108713569
What are the prime factors of 344223140?
2, 5, 17, 1012421
What are the prime factors of 232918164?
2, 3, 6469949
What are the prime factors of 42854066?
2, 37, 73, 7933
List the prime factors of 1841605329.
3, 37, 16591039
What are the prime factors of 103403419?
7, 37, 399241
What are the prime factors of 356096631?
3, 11, 43, 250949
List the prime factors of 11747914.
2, 67, 87671
List the prime factors of 1922864706.
2, 3, 7, 15260831
List the prime factors of 19249007.
277, 69491
What are the prime factors of 164022201?
3, 7, 919, 2833
List the prime factors of 125492172.
2, 3, 13, 661, 1217
List the prime factors of 14519998.
2, 7259999
List the prime factors of 424624402.
2, 17, 101, 123653
What are the prime factors of 43491237?
3, 14497079
What are the prime factors of 76941848?
2, 71, 135461
What are the prime factors of 223798437?
3, 8288831
List the prime factors of 82394116.
2, 7, 37, 79531
What are the prime factors of 102813619?
521, 197339
List the prime factors of 91407713.
1879, 48647
What are the prime factors of 71354221?
4817, 14813
List the prime factors of 914420553.
3, 37, 8238023
List the prime factors of 184520542.
2, 2777, 33223
List the prime factors of 878335037.
89, 9868933
List the prime factors of 989925297.
3, 5021, 65719
List the prime factors of 328317849.
3, 3527, 10343
List the prime factors of 35433511.
2339, 15149
List the prime factors of 1859864904.
2, 3, 101, 255757
List the prime factors of 198700333.
13, 15284641
List the prime factors of 771409729.
771409729
What are the prime factors of 447337324?
2, 7, 15976333
What are the prime factors of 126252438?
2, 3, 13, 17, 95213
What are the prime factors of 755343897?
3, 7, 11, 23, 142169
List the prime factors of 242646272.
2, 11, 199, 433
List the prime factors of 1490492839.
11, 135499349
List the prime factors of 357656883.
3, 457, 260873
What are the prime factors of 154633524?
2, 3, 349, 36923
What are the prime factors of 3987862028?
2, 996965507
List the prime factors of 2508062316.
2, 3, 31, 37, 47, 3877
Wha